*q - a - 6 = 0. Let w be q + (1 - 2) - -25. Let h be (-16 - -177)*24/42. Calculate the greatest common divisor of h and w.
23
Suppose -4*f = -21*f. Suppose o - 17 + 8 = f. What is the greatest common factor of o and 3?
3
Let p = -423 - -632. Let b(f) = -2*f + 3. Suppose 2*o + 18 = 2. Let u be b(o). What is the highest common divisor of u and p?
19
Suppose -10*x + 17*x - 1029 = 0. Calculate the greatest common factor of x and 21.
21
Suppose -3*r + 109 = 3*l + 2*l, 0 = l + 3*r - 17. What is the highest common divisor of l and 391?
23
Suppose 10*b + b = 55. Suppose 5*x = b, 2*m - x + 14 - 55 = 0. Calculate the greatest common factor of 231 and m.
21
Let s = 204 + -54. What is the greatest common divisor of s and 75?
75
Suppose 0 = -3*d + 2*s + 8 + 175, 4*d - s = 249. What is the greatest common factor of 9 and d?
9
Let k = -156 + 354. Let o(w) = -w**3 - 5*w**2 - 9*w + 2. Let a be o(-4). Calculate the greatest common factor of k and a.
22
Let p = -784 + 925. What is the greatest common factor of 235 and p?
47
Let u be 11360/80 + 1 + -1. Calculate the greatest common factor of u and 923.
71
Let s(a) = -a**3 - 2*a**2 - 16*a - 97. Let c be s(-7). Calculate the highest common divisor of c and 28.
4
Suppose 28*r + 2412 = 31*r - 5*m, -2*m = 5*r - 4020. Calculate the greatest common divisor of 12 and r.
12
Let c(u) = 162*u + 7. Let p(b) = -163*b - 7. Let k(t) = 6*c(t) + 5*p(t). Let y be k(1). What is the greatest common factor of y and 41?
41
Let d(k) = -9*k**3 + 1 + 2*k**3 + 6*k**3 + k - 5*k**2. Let t be d(-6). Let i = t - 19. Calculate the highest common factor of 8 and i.
4
Suppose 465 = -2*c + 5*c. Suppose -3*o = -0*j + 4*j - c, 5*o = 25. Let a be j + (-2 + 3)*1. Calculate the greatest common divisor of a and 24.
12
Suppose -5*l + p = -361, -l + 17 = 2*p - 53. Let k = 137 - l. Calculate the highest common divisor of 13 and k.
13
Suppose 0 = -2*w + 5*x + 583, -3*w - 9*x + 843 = -6*x. Let d = 474 - w. Calculate the greatest common divisor of d and 76.
38
Suppose -2*c = 0, 5*c = -3*b - 0 + 9. Suppose 15 = b*y, 2*a - 3*y - 3 = -0*a. What is the highest common factor of a and 6?
3
Suppose -5*j - 105 = -10*j. Let o = 301 + -284. Suppose 8*g = o*g - 1323. What is the highest common factor of j and g?
21
Let v(u) = -u**3 + 8*u**2 - 8*u + 16. Let q be v(7). Calculate the greatest common factor of 9 and q.
9
Suppose -4*v + 0*v + 56 = 0. Let b = v - 11. Suppose x - b*x = -2. What is the greatest common factor of x and 7?
1
Let p = 668 - 636. Let n(w) = -10*w**3 + 1 + w - 7*w**3 + 5*w**2 - 6*w**2. Let x be n(-1). Calculate the highest common factor of p and x.
16
Let g = 1772 - 1677. What is the greatest common divisor of g and 57?
19
Suppose -244 + 148 = -2*r. Calculate the highest common divisor of 16 and r.
16
Suppose 0*y - 276 = -6*y. Suppose -5*k = 5, -3*v = 5*k - k - 1100. What is the greatest common factor of y and v?
46
Suppose 8*r - 180 = 460. Calculate the greatest common factor of r and 4.
4
Suppose -1863 + 913 = -5*i. Calculate the greatest common divisor of i and 342.
38
Suppose -d - d + 199 = -5*g, 2*d - 175 = -3*g. Let s = -65 + d. Suppose -24*v + 38*v - 126 = 0. Calculate the highest common factor of s and v.
9
Suppose -2*r = -3*y - y + 656, 6 = 3*r. What is the greatest common factor of 30 and y?
15
Let q be (-11)/55 + (-341)/(-5). Let w = -64 - q. Let a be w/(-34) - (-2)/17. What is the highest common factor of a and 12?
4
Suppose 4*w = -6 + 14. Let i(v) = v + 5. Let z be i(w). Suppose 2*d = -3*d + 35. Calculate the greatest common divisor of z and d.
7
Let c = -299 + 310. What is the highest common divisor of 407 and c?
11
Suppose -l = 0, -4*l - 2644 = -2*m - 970. Calculate the highest common factor of m and 31.
31
Suppose -2*x + 4*n + 24 = 0, 3*x - 4*n - 6 - 28 = 0. Suppose -o - x = -3*o. Suppose -2*y - o = -23. Calculate the highest common factor of 63 and y.
9
Let v be (-28)/((-49)/7) - -77 - -3. What is the greatest common factor of 28 and v?
28
Let w = -151 + 155. Suppose -2*c + w*u + 114 = 0, 3*u + 3 = 4*u. What is the greatest common divisor of 36 and c?
9
Let j = -8 - -28. Let x be (-135)/(-2)*16/j. What is the highest common divisor of 36 and x?
18
Suppose 995 - 4721 = -9*d. Calculate the highest common factor of d and 184.
46
Let t be 50/15*(-48)/(-10). Suppose -4*q = 5*y - 314 - 10, -4*q = 3*y - 196. Calculate the highest common factor of t and y.
16
Suppose -13*c = -12*c + 93. Let g = 174 + c. What is the highest common divisor of 9 and g?
9
Let v = 7627 - 7585. Let p be (7 - 0)/(1/3). What is the greatest common divisor of v and p?
21
Suppose 0 = -11*k + 2*k + 81. Let z(j) = -14*j - 6. Let o be z(-3). Calculate the highest common divisor of k and o.
9
Suppose -2*c = -4*l - 3*c + 15, -5*c = -3*l + 17. Suppose -2*y + 130 + 136 = -4*r, l*y + 2*r = 542. Calculate the greatest common divisor of y and 15.
15
Suppose 6*y - 163 + 1 = 0. Calculate the highest common divisor of 153 and y.
9
Let d = 49 - 44. Suppose v + d = 0, 7*v + 27 = i + 10*v. Let x(f) = -5*f**3 - 4*f**2 - 3*f - 3. Let h be x(-3). Calculate the greatest common factor of h and i.
21
Suppose 71 = 4*r - 313. Suppose 2*y = -4*v + r, 9 = -4*v + v. What is the greatest common divisor of 6 and y?
6
Suppose -51 = -57*c + 6*c. What is the greatest common divisor of c and 43?
1
Let w = 853 + -802. What is the greatest common factor of w and 51?
51
Let f be 4/22 + (-1305)/99. Let p = f - -48. Let g(l) = l**2 - 5*l - 9. Let x be g(7). Calculate the highest common divisor of p and x.
5
Let d(c) = c**3 + 35*c**2 - 5*c - 149. Let x be d(-35). What is the greatest common divisor of x and 2?
2
Suppose -512 = -16*a - 0*a. Suppose -8 = 2*d - 16. Calculate the highest common divisor of d and a.
4
Suppose -2*a - 2*a - 3*x = -1415, a + x - 355 = 0. What is the greatest common factor of 14 and a?
14
Suppose d + 1 = t, 2*d - 2*t + 8 = -3*t. Let p be 48/14*(4 + d/6). What is the greatest common factor of 108 and p?
12
Let m be (-2)/12*-2*(9 - -18). Suppose -f + 417 = 5*i + 3*f, -2*f - 156 = -2*i. What is the greatest common factor of m and i?
9
Suppose 5*f = -5*c + 124 + 141, 5*f = c - 59. Let d = 35 - -1. What is the highest common factor of d and c?
18
Let h(s) = 2*s + 13. Let r be h(-4). Let b be ((-36)/(-15))/(2 + (-8)/r). What is the highest common divisor of b and 114?
6
Let h = 107 + -138. Let u = h + 45. What is the greatest common divisor of u and 28?
14
Suppose 2*w - w = 62. Let j = 11 + -38. Let x = j - -58. What is the highest common divisor of w and x?
31
Let o(t) = t**3 - 10*t**2 - 39*t + 22. Let p be o(13). What is the greatest common divisor of 88 and p?
22
Suppose 5*q + 40 = -4*h + 617, 3*h - 426 = 3*q. Calculate the highest common divisor of 77 and h.
11
Let o(y) = -y + 64. Let v be o(-32). What is the highest common divisor of 84 and v?
12
Let n(c) = -c**2 + 39*c - 377. Let g be n(20). Let d(a) = a + 1. Let s be d(0). Calculate the highest common divisor of g and s.
1
Let p = 110 + -108. Suppose -4*x + p*x = -5*s + 255, -5*s = -3*x - 255. Calculate the highest common factor of s and 17.
17
Let z(f) = -f**2 - 7*f + 9. Let r be z(-8). Suppose 6*t + y - 12 = 2*t, 4*y + 28 = 3*t. Calculate the greatest common divisor of r and t.
1
Let u = -278 - -280. What is the greatest common divisor of u and 50?
2
Let t(r) = -2*r + 12. Let f be (4 + -3 - 3) + 10. Let n be t(f). Let s = -3 - n. Calculate the greatest common divisor of 9 and s.
1
Let h = 134 + -111. What is the greatest common divisor of 299 and h?
23
Let c = 19 + 20. Suppose -32*a + 4368 = -16*a. Calculate the greatest common divisor of a and c.
39
Let z = -372 - -379. Calculate the highest common divisor of z and 35.
7
Let p = 100 - 46. Suppose -4*a + 0*c + p = -3*c, -3*c + 81 = 5*a. Calculate the highest common divisor of a and 3.
3
Let i = -307 - -319. What is the highest common factor of 276 and i?
12
Let c be -8*((-30)/8 - -3). Suppose 0 = -c*f + 427 + 485. What is the greatest common factor of f and 19?
19
Let i = -2 - 10. Let l(o) = -o - 10. Let b be l(i). Suppose 0 = -b*s + 4*s - 42. Calculate the greatest common divisor of s and 7.
7
Suppose u - 91 - 102 = 5*h, 0 = -2*h + 2. What is the greatest common factor of 22 and u?
22
Suppose -8 - 46 = -2*d. Suppose 4*n - 82 = -3*t, 0 = -3*t + t + 2*n + 50. Let v be -4 + t 